63 - -980. Let m(s) = -2*s + 5. Let w be m(4). Let x(y) = -3*y**3 - y**2 + 3*y + 2. What is the remainder when x(w) is divided by a?
14
Suppose w - 9 = -0*w. Suppose 2*n - 7*n - 5*s - 110 = 0, 5*s = 2*n + 16. Calculate the remainder when (26/6)/((-3)/n) is divided by w.
8
Let y(u) = 8*u - 9. Let c be y(7). Let b = c - 27. What is the remainder when b is divided by 7?
6
Let l be (4 + -5)/(1/(-4)). Suppose -l*w - 32 = 40. Let u = 30 + w. What is the remainder when 45 is divided by u?
9
Let v = 67 - -39. Suppose v = 2*r - 3*p + 7*p, -r + 2*p = -33. What is the remainder when r is divided by (1 - -29)/(-4 - -6)?
13
Let i = -15 - -25. Suppose -2*b + b + 22 = -a, b = 3*a + 32. Calculate the remainder when b is divided by i.
7
Let k(l) = -l - 2. Let o be 4/26 + (-768)/(-78). Calculate the remainder when (27/15)/(2/o) is divided by k(-6).
1
Let m = 172 - 113. What is the remainder when m is divided by 15?
14
Let b be 5/(1*(-2 - -1)). Let l = 15 + b. Calculate the remainder when 16 is divided by l.
6
Suppose 105 = 3*j - 5*a, 0 = 4*j + j + 4*a - 212. Let c = -1 - -3. Calculate the remainder when j is divided by 4 - -7 - (-6)/c.
12
Let d(q) = -q. Let y be d(-3). Calculate the remainder when (19 + y)/(2*1) is divided by 6.
5
Suppose 2*w - 2*l - 12 = 0, l - 5*l = 2*w. Calculate the remainder when 6 is divided by w.
2
Suppose -h - 9 = -7. Calculate the remainder when (-3)/(-6) + (-43)/h is divided by 8.
6
Suppose 9 = 4*b - 51. What is the remainder when 44 is divided by b?
14
Let s(d) = d**3 - 6*d**2 + 10*d - 4. Suppose 3*h - 30 = h. Calculate the remainder when (-4)/6*h/(-2) is divided by s(4).
1
Let c = -3 + -3. What is the remainder when 19 is divided by 60/(-18)*c/4?
4
Let i(n) be the third derivative of -n**4/6 - n**3/6 - 4*n**2. What is the remainder when 30 is divided by i(-3)?
8
Let j(y) = 2*y**2 + 6*y - 8. Let t = -25 + 35. Calculate the remainder when j(-6) is divided by t.
8
Let i = 37 + 2. What is the remainder when i is divided by 4?
3
Suppose -59 = 5*u + 36. Let v = -9 - u. Suppose 6*z - z = 140. What is the remainder when z is divided by v?
8
Let f(d) = -5*d**2 - d + 5. Let p(g) = -5*g**2 - g + 4. Let s(u) = 2*f(u) - 3*p(u). Calculate the remainder when 97 is divided by s(2).
17
Let j = 68 - 51. Calculate the remainder when 33 is divided by j.
16
Let n = -34 - -6. Let b = -16 - n. Calculate the remainder when 3*2/b*34 is divided by 9.
8
What is the remainder when 123 is divided by (36/5)/(6/15)?
15
Let q = 59 + 13. What is the remainder when q is divided by 15?
12
Let y = 3 + -1. Suppose -19 = -3*k + z, 3*k - z = 4*z + 35. What is the remainder when k is divided by y?
1
Suppose 15 + 15 = -5*w. Let b be (-2)/(-3) - w/(-9). Suppose -i + 3*i - 4 = b. Calculate the remainder when 2 is divided by i.
0
Let d = -25 - -18. Let l(k) = -2*k - 9. Let p be l(d). Suppose 3*n + 54 = p*n. Calculate the remainder when n is divided by 7.
6
Let x(f) = 7*f - 23. Calculate the remainder when x(12) is divided by 21.
19
Suppose -2*x - 3*x = -60. What is the remainder when 35 is divided by x?
11
Let w(z) = 25*z - 1. Suppose -4*q - 5*y = 5, 0*y - y = 1. Suppose -o = -q*o - 17. Calculate the remainder when w(2) is divided by o.
15
Suppose 17 + 63 = 4*y. Calculate the remainder when 78 is divided by y.
18
Suppose -5*s - 37 = -x - 10*s, 0 = -4*x + 2*s + 148. Calculate the remainder when x is divided by 13.
11
Suppose -2*c - 10 = -4*s + 3*c, -c = 5*s + 2. Let u(y) = -y**2 + 5. Calculate the remainder when 6/(-21) + 93/7 is divided by u(s).
3
Suppose 38 = w + 5*i, 2*i - 7*i - 58 = -w. What is the remainder when w is divided by 17?
14
Suppose -x + 4 = -11. Let m be (-240)/(-4)*(-1)/(-2). Let b = m - 2. What is the remainder when b is divided by x?
13
Let m = -123 - -190. Calculate the remainder when m is divided by 15.
7
Let b(v) = v**3 - 4*v**2 - 2*v - 5. Calculate the remainder when (-402)/(-14) - (-6)/21 is divided by b(5).
9
Let k = 2 + 0. Let r(z) = 8*z**2 - 2. Calculate the remainder when r(k) is divided by 16.
14
Suppose -5*l + 5*u + 95 = 0, 70 = 5*l - 4*u - 23. What is the remainder when l/2 - (-5)/(-10) is divided by 3?
2
Let q be ((-8)/(-1))/(-1 + 3). Let h = q + -4. Suppose h*u + u = 17. Calculate the remainder when u is divided by 6.
5
Suppose f + j = 2*j + 68, f + 4*j = 43. Suppose l - 35 = -l + 3*w, 0 = 4*l - 3*w - 67. Calculate the remainder when f is divided by l.
15
Suppose 6*t - t + a - 89 = 0, 5*t - a = 91. What is the remainder when 88 is divided by t?
16
Let x(f) = f**3 + 6*f**2 - 8*f. Let d be x(-7). Suppose d = 3*i - 14. What is the remainder when 20 is divided by i?
6
Let q(s) be the first derivative of -s**3/3 + s**2 + 129*s + 6. Calculate the remainder when q(0) is divided by 33.
30
What is the remainder when 25/(-2)*(-32 - -26) is divided by 26?
23
Suppose -p + 4 = 0, -b - 4*p + 13 + 5 = 0. Suppose -4*x - 22 = -2*f, 0 = 3*x - 3*f + 1 + 11. Let j = -4 - x. Calculate the remainder when j is divided by b.
1
Calculate the remainder when (44/(-5))/((-2)/5) is divided by 12.
10
Let x = 7 + -6. Let f = x - -3. Let y(b) = -b. Calculate the remainder when y(-10) is divided by f.
2
Suppose 3*y - 15 = -3. Suppose y*l - 1 = 43. Suppose -26 - 54 = -4*z. Calculate the remainder when z is divided by l.
9
Let j = -66 - -72. Calculate the remainder when j is divided by 2.
0
Let g(o) be the second derivative of -o**5/20 + o**4/3 + o**3 - o**2 - 2*o. Let y be g(5). Suppose 20 = y*q - 43. What is the remainder when 62 is divided by q?
20
Calculate the remainder when -4 + 52/12 - (-70)/6 is divided by 8.
4
Suppose 0*b - 305 = -5*b. Suppose -m = -0*m - 4. Suppose 13 = -m*p + b. Calculate the remainder when p is divided by 7.
5
Calculate the remainder when 23 is divided by 9 - (-7)/(28/12).
11
Suppose 188 - 50 = 3*m. Let u(v) = 9 + v + 0 + 0 + 3. Calculate the remainder when m is divided by u(0).
10
Let p(g) = -g + 190. What is the remainder when p(0) is divided by 32?
30
Let q(h) = -2*h**3 - 5*h**2 + h**3 + 0*h**2 - 1 - 6*h. What is the remainder when 25 is divided by q(-4)?
4
Suppose -1 + 51 = 5*k. Let y = 14 - k. What is the remainder when 11 is divided by y?
3
Let k = -20 - -17. Calculate the remainder when (k - -5) + (18 - -2) is divided by 9.
4
What is the remainder when -2 - -2 - 234/(-6) is divided by 21?
18
Let j(t) = t**2 + t + 3. Let x = 5 - 9. Calculate the remainder when (-2)/7 + 820/28 is divided by j(x).
14
Let h(k) = -k + 20. What is the remainder when 17 is divided by h(13)?
3
Let d(v) = 47 + 3*v**3 - 2*v**3 + 3*v**3 - 5*v**3. What is the remainder when d(0) is divided by 16?
15
Suppose -i + 3*j + 5 = 0, -i - j + 5 = 3*j. Suppose p - 24 = -p - 4*f, 0 = i*p - 4*f - 88. Calculate the remainder when 47 is divided by p.
15
Let d = 2 - -10. Suppose -2*w + w = -1. Let c(a) = 7*a. Calculate the remainder when d is divided by c(w).
5
Let b = -5 + 9. Suppose -1 = b*m - 29. Calculate the remainder when m is divided by 4.
3
What is the remainder when (-812)/(-21) - 1/(-3) is divided by 20?
19
Let j = 115 + -113. Calculate the remainder when j is divided by 1.
0
Calculate the remainder when 75 is divided by (6/(-8) - -1) + (-473)/(-44).
9
Suppose -2*r - w = -147, -4*r = 3*w - 105 - 188. Calculate the remainder when r is divided by 25.
24
Suppose -d = 3*d - 112. Calculate the remainder when 53 is divided by d.
25
Calculate the remainder when (-4 + 27/6)*102 is divided by 18.
15
Let g(l) = -l**3 - 12*l**2 - 11*l - 3. Let b be g(-11). Let o(n) = -n + 1. What is the remainder when o(b) is divided by 2?
0
What is the remainder when ((-364)/21)/(1/(-6)) is divided by 15?
14
Suppose 3*m - 3 = 4*o, 5*o + 3 = 4*m - 0. What is the remainder when 27 is divided by 13 - 6/(m + 0)?
12
Suppose 0 = 2*b + 20 - 8. Let p(g) = -g**3 - 6*g**2 - 4*g - 7. Calculate the remainder when 30 is divided by p(b).
13
Suppose u + 2*d - 44 = 0, -2*u + 210 = 3*u + 5*d. Suppose v = -0*v + u. What is the remainder when v is divided by 14?
12
What is the remainder when 8 is divided by -4 - 10*5/(-5)?
2
Let c be ((-56)/4)/((-2)/(-3)). Let h = -15 - c. Calculate the remainder when 244/12 + (-2)/h is divided by 11.
9
Let h = 70 - 65. Calculate the remainder when 11 is divided by h.
1
Let c(y) = 2*y**2 - 3*y - 1. Calculate the remainder when c(-1) is divided by 1.
0
Let u be 312/30 + (-4)/10. Let t